-3*u - 5*s = -15. Suppose i = -3*p + 20, -10 = -u*p + p + 2*i. Determine o(p).
-1
Let z(a) = a**3 + 12*a**2 - 13*a - 2. Let j be z(-13). Let h(w) = w**3 + w**2 - 2*w - 3. What is h(j)?
-3
Let y(m) = m**3 + m**2 - m. Let v(q) = 2*q**3 - 6*q**2 + 6*q - 6. Let p(x) = v(x) - y(x). Let j be 12/4 + (0 - 2). Let l = j - -5. Give p(l).
0
Let r(q) = q - 5. Let v = -45 + 51. Determine r(v).
1
Let n(h) be the first derivative of -h**3/3 + 3*h**2 - 2*h + 7. Let j(y) = -y - 1. Let a be j(-5). Determine n(a).
6
Let w(m) = -m**2 - m. Suppose o + y - 4*y = -3, o - 2*y = -2. Calculate w(o).
0
Let c = -119 + 107. Let b(z) = -z**3 - 13*z**2 - 13*z - 18. Determine b(c).
-6
Let l(s) = -7 - 2 + 1 + 7*s - s**2 + 0. Let t be l(6). Let d(y) = -y**3 - 2*y**2 - 3*y - 3. What is d(t)?
3
Suppose 2 = 4*j + 14. Let v(u) be the third derivative of u**4/24 + u**3/2 + 2*u**2. Calculate v(j).
0
Let v(f) = 2*f + 2. Let s = -14 - -11. What is v(s)?
-4
Let m = -15 + 17. Let n(u) be the first derivative of -1 + 2*u**m + u - 1/3*u**3 - 1/4*u**4. What is n(-3)?
7
Let g(y) be the first derivative of y**6/120 + y**5/60 - y**3/3 - y**2/2 + 1. Let m(x) be the second derivative of g(x). Suppose 3*s - 6 = -0*s. Give m(s).
10
Let s(p) = -p**3 + 7*p**2 + p - 10. Let b = -12 + 19. Let n be s(b). Let w(y) = -6*y - 6. Let r(l) = 7*l + 7. Let x(u) = -5*r(u) - 6*w(u). Calculate x(n).
-2
Let q(a) be the third derivative of a**7/1008 + a**6/720 + a**5/60 + 7*a**2. Let l(h) be the third derivative of q(h). Give l(-1).
-4
Let b(u) = -u - 7. Suppose -4*j + 5*q = -0*j + 12, -5*j - 56 = 4*q. Calculate b(j).
1
Let z = 0 + 2. Let x(l) = 5*l - 3*l + z - l. Calculate x(4).
6
Let u(h) be the third derivative of -h**6/120 + h**5/10 - h**4/4 + 7*h**3/6 - 7*h**2. What is u(5)?
2
Let o = 11 - 7. Let j(u) = -2 + 0*u**3 - o - u**2 - u**3. Calculate j(0).
-6
Suppose -3*w = 3*k - w - 10, -3*k + 14 = 4*w. Suppose 2*c - 3*s - 8 = s, 5*s = 2*c - 9. Let v(o) = 0 - c - k*o + 0*o. Give v(-4).
6
Let k(b) = 3*b**2 - 3*b - 6. Let g(f) = 3 - 4 - 3*f**2 + 4*f**2. Let o(i) = -2*g(i) + k(i). Let j be 6/14 - 18/(-7). Calculate o(j).
-4
Let j(b) = -b**3 + 9*b**2 - 7*b - 6. Let a be j(8). Let n(u) = 9 - a*u + 0*u + 0*u. Suppose 30 = 2*v + 3*v. Calculate n(v).
-3
Let q(o) = o**3 - o**2 + o + 5. Let v be q(0). Let s(j) = -2*j + 8*j + 1 - v*j + 0. Calculate s(-3).
-2
Let i(s) = -2*s - 4. Let t(r) = r**3 - 6*r**2 + 3*r + 5. Let w be t(5). Let h be i(w). Let f(x) = 0 - 1 + 2*x**3 - h*x**3. Calculate f(-1).
3
Let j be (18/(-12))/((-1)/10). Let f be (j - 3)/4 + 2. Let k(t) = -t**2 + 5*t - 4. Calculate k(f).
-4
Let t(k) = -k + 8. Let p = 5 + 2. Give t(p).
1
Let y(o) = -2*o - o + 4*o + 3. Let c be y(-3). Let u = 0 - c. Let p(a) = a. Determine p(u).
0
Suppose 0 = -4*k + 87 + 1. Suppose 3*n - 11 = k. Let v = 6 - n. Let g(c) = -c + 2. Give g(v).
7
Let z be -9*((-8)/3 - -2). Let g(q) = q**2 - 7*q - 4. Give g(z).
-10
Let b(i) be the first derivative of i**2/2 + 2*i - 40. Suppose 4*q - 2*l - 8 - 4 = 0, -2*q + 12 = -4*l. Calculate b(q).
4
Let a(w) be the first derivative of -w**2 - 6*w - 37. Give a(-6).
6
Let x(s) = -20*s**3 + 6*s**2 + 3*s + 20. Let n(h) = 7*h**3 - 2*h**2 - h - 7. Let r(u) = -17*n(u) - 6*x(u). What is r(-2)?
-15
Let z(y) = 10*y**3 - y**2. Suppose 0 = -g + 4 - 1. Let p be -1*(-2 + -1)/g. What is z(p)?
9
Suppose 5*o - 10*o - 5 = 0. Let v(n) = -3*n. Give v(o).
3
Let j be (-3)/1 + -2 - (-1 - -2). Let s(r) = 6 + 10*r - 4*r**2 - r**2 - r**3 - 3*r. Calculate s(j).
0
Let g(y) = y**2 + 4*y + 2. Let i be g(-5). Suppose 0 = i*d - 3*d - 12. Let r(n) = d*n**2 - 2*n + 1 - 4*n**2 + 0*n**2. What is r(-2)?
1
Let t(s) = s**3 + 6*s**2 + 3*s - 3. Suppose z - 19 + 23 = 0. Calculate t(z).
17
Suppose -n - 1 = -13. Let v be 1/4 - (-93)/n. Let z(h) = -3*h**3 - 2*h + 3*h + v*h**3. What is z(-1)?
-6
Let l(m) = -1 - 5*m + 3 + m + 2. Let d(u) = u. Let v(t) = -4*t + 1. Let k(f) = -3*d(f) - v(f). Let i(n) = -5*k(n) - l(n). Determine i(-2).
3
Let j = 16 + -12. Let l(f) = 1 - j*f + f**2 + 4*f. Determine l(1).
2
Let f(v) = -6*v**2 + 8*v**2 + 9 - 10*v**2 - v**3 - 6*v. Give f(-7).
2
Let g(y) be the first derivative of y**4/4 + 5*y**3/3 - 4*y**2 - 6*y - 8. Give g(-6).
6
Let o(d) = -d + 1. Let r(b) = b**2 - 4*b + 2. Suppose -5*p - 5*w = -30, 8*p + 3*w - 22 = 4*p. Let c be r(p). Give o(c).
-1
Let w(p) = p**2 + 3*p + 1. Let s be w(-5). Suppose 4*t - s = 9. Let u(o) = -16*o. Let g(z) = -3*z. Let q(h) = 11*g(h) - 2*u(h). Determine q(t).
-5
Let j be 1/2*18/3. Let n(w) = -w**2 + w. Give n(j).
-6
Let a(v) = -2*v - v - 1 + 2*v**2 + 2*v - 7*v**2. Let t be 2/((12/3)/(-2)). Calculate a(t).
-5
Let l(m) = m**2 - 6*m + 2. Suppose -41 - 37 = -13*r. Give l(r).
2
Let t(f) = 7*f**2 - 15*f - 11. Let i(r) = r**3 - r**2 - r - 3. Let s be i(0). Let u(z) = 4*z**2 - 8*z - 6. Let y(p) = s*t(p) + 5*u(p). What is y(6)?
-3
Let b(u) = 2*u - u - 2*u**2 + 2 - u**2. Let t = 8 - 1. Let h = -5 + t. Calculate b(h).
-8
Let d(v) = v - 14. Suppose -3*w - 2*w - 23 = -3*x, 25 = 5*x + 5*w. Give d(x).
-8
Let p(g) be the third derivative of g**5/60 - g**4/6 - 12*g**2. Determine p(5).
5
Let u(t) = -t - 2. Suppose 0 = k + h - 2 + 5, -5*k - 2*h - 12 = 0. Give u(k).
0
Let b(k) = 0 + 8*k + 1 - 4*k. Determine b(-1).
-3
Let i(q) = -q**2 - 5*q + 1. Let v(x) = 5*x + 3. Let p(s) = 9*s + 7. Let z(d) = -2*p(d) + 5*v(d). Let n be z(-1). What is i(n)?
-5
Let n(r) = 4*r + 11*r - 14*r - 4. Let u(v) = v**2 - 6*v + 7. Let k be u(5). What is n(k)?
-2
Let n(h) = 2*h. Let w(u) = -u**3 + 7*u**2 + 8*u + 4. Let j be w(8). Let d(s) = -j - s - 4*s + s**2 - 3. Let a be d(6). Determine n(a).
-2
Let z(n) = -1 + 58*n**2 + n**3 - 62*n**2 - 5 + 4*n. Let x = 3 - -1. Determine z(x).
10
Let x(u) = u**3 - 4*u**2 - 5*u + 5. Let q be x(5). Let r(l) be the second derivative of l**3/6 + 5*l. Calculate r(q).
5
Let k(r) = -2*r**2 + 4 - 10 + 2*r**3 + 4. Calculate k(2).
6
Let s(k) = -2 + 2 - 3 + k. Let x = 15 - 8. Suppose -2*m + x*m = 10. Calculate s(m).
-1
Let k(w) be the first derivative of w**4/4 - w**3 + w**2 - w + 2. Let o = 13 - 12. Calculate k(o).
-1
Let v(c) = 0*c**2 + c**2 - c**3 + 0*c**3. Let g be v(1). Let m(l) = -l - 7. Give m(g).
-7
Let h(q) = -2*q + 1. Suppose 0 = -4*w + 1 + 11. Let c be 7/(-2) - w/2. Let u be c/(-15) - 2/(-3). Calculate h(u).
-1
Let w(i) = 5*i**2 - i + 1. Let u be ((-14)/4)/((-3)/6). Suppose 0 = 3*p - u*p + 4. What is w(p)?
5
Let s(z) = 3 - 10 - 4*z + 6. Give s(2).
-9
Let x(i) = -2*i - i + 2*i - i**3 + 4*i**2 + 0*i**2. Suppose 45 = 5*r - 5*z, 3*r - 30 = -0*r + 4*z. Let t be 7/3 - (-4)/r. Give x(t).
6
Let p(v) = v**3 + 5*v**2 - 8*v - 5. Let c = -10 - -4. What is p(c)?
7
Suppose -2*l = -5*l + 5*q + 28, 8 = -2*l - 2*q. Let f(v) = -3 - 1 + l - 3*v + 4. Calculate f(2).
-5
Let w(q) = -10*q**3 + q**2 + 7*q. Let s(b) = 7*b**3 - b**2 - 5*b. Let l = 23 + -5. Suppose -3 = 3*d + l. Let m(j) = d*s(j) - 5*w(j). Calculate m(-3).
-9
Suppose -14 = -f + 13. Let u be -1 - (-1 - 1 - 2). Suppose -3*h - 11 = -0*h + 5*o, 5*h - u*o = f. Let s(v) = -2*v + 1. What is s(h)?
-5
Let c(k) be the second derivative of -k**5/20 - k**4/4 + 5*k**3/6 + k**2 + 6*k. Give c(-4).
-2
Let c(g) = -10*g**2 + g + 2. Let v(b) = -21*b**2 + 2*b + 5. Let r(o) = -5*c(o) + 2*v(o). Suppose 3*i + 6 = 0, 4*w - 7 = -w + i. What is r(w)?
7
Suppose -22 - 5 = -9*k. Let j(y) = -y + 4. Let x = 5 + -8. Let i(p) = 3*p - 8. Let q(b) = x*i(b) - 5*j(b). Calculate q(k).
-8
Let g(l) = l**3 - 4*l**2 + 2*l + 4. Let r(d) = d**2 - 8*d + 3. Let f be r(8). Let q be g(f). Let z(k) = k**2 - k - 1. Calculate z(q).
-1
Let k(q) = q**3 + 4*q**2 - q - 4. Let o(v) = -2*v + 32. Let n be o(18). What is k(n)?
0
Let u(w) be the second derivative of 5/6*w**3 + w**2 - 1/12*w**4 + 2*w + 0. Calculate u(5).
2
Suppose 0 = 5*a - a. Let b = 0 + a. Let s(d) = d + 11. Give s(b).
11
Let d = -84 - -84. Let w(t) = -t**3 + t**2 + 30. Determine w(d).
30
Suppose -4*l = -4*t + 24, -l + 2*t - 21 = -2*t. Let k = 0 - l. Let u(n) = -k + 6 - n - 2. Give u(-4).
7
Let d = 1 + -1. Let i(s) = d + 5*s - 1 - 2. Let z be -1 + 1 - (-2)/1. Determine i(z).
7
Suppose 5*l + 2*x + 13 = 0, 5*x = l - 3 + 11. Let b(s) = -s**2 + 2. Calculate b(l).
-7
Let i(m) = -4*m**3 + 1 + 3*m**2 - 2 + 3*m**3. Suppose 0 = -o - s - 1, 2*s = -4*o - s - 1. What is i(o)?
3
Suppose 1 = -b + 7. Let h(j) = 7*j**3 - 12*j**2 + 9*j - 13. Let l(u) = -10*u**3 + 18*